e the prime factors of 3172447?
31, 102337
What are the prime factors of 109706?
2, 19, 2887
List the prime factors of 152424.
2, 3, 29, 73
What are the prime factors of 770615?
5, 23, 6701
List the prime factors of 114060.
2, 3, 5, 1901
List the prime factors of 246986.
2, 123493
What are the prime factors of 946633?
53, 337
What are the prime factors of 240287?
240287
List the prime factors of 31335979.
29, 787, 1373
List the prime factors of 4409055.
3, 5, 7, 13997
What are the prime factors of 99239?
7, 14177
List the prime factors of 834026.
2, 23, 18131
What are the prime factors of 693591?
3, 231197
List the prime factors of 5056623.
3, 11, 13, 3929
List the prime factors of 2380675.
5, 11, 787
List the prime factors of 11676956.
2, 31, 94169
What are the prime factors of 25260?
2, 3, 5, 421
What are the prime factors of 259600?
2, 5, 11, 59
What are the prime factors of 973119?
3, 7, 149, 311
List the prime factors of 14689307.
14689307
What are the prime factors of 9778717?
13, 67, 103, 109
What are the prime factors of 13072234?
2, 7, 23, 40597
What are the prime factors of 1471775?
5, 17, 3463
List the prime factors of 6079519.
6079519
What are the prime factors of 6875953?
7, 487, 2017
What are the prime factors of 17976856?
2, 107, 21001
What are the prime factors of 22169988?
2, 3, 615833
List the prime factors of 531068.
2, 103, 1289
List the prime factors of 8782154.
2, 313, 14029
What are the prime factors of 749261?
53, 67, 211
List the prime factors of 962915.
5, 192583
What are the prime factors of 5362?
2, 7, 383
What are the prime factors of 587811?
3, 7, 23, 1217
List the prime factors of 2831134.
2, 1415567
What are the prime factors of 3293411?
11, 299401
List the prime factors of 2558145.
3, 5, 199, 857
What are the prime factors of 1036979?
1036979
List the prime factors of 7746664.
2, 968333
What are the prime factors of 286992?
2, 3, 1993
What are the prime factors of 496386?
2, 3, 11, 23, 109
List the prime factors of 43014.
2, 3, 67, 107
What are the prime factors of 1750918?
2, 13, 67343
What are the prime factors of 98115?
3, 5, 31, 211
What are the prime factors of 770700?
2, 3, 5, 7, 367
List the prime factors of 1529900.
2, 5, 15299
List the prime factors of 6434993.
17, 43, 8803
List the prime factors of 386746.
2, 193373
List the prime factors of 12769589.
7, 1824227
What are the prime factors of 53322?
2, 3, 8887
What are the prime factors of 6962559?
3, 89, 293
List the prime factors of 9065044.
2, 613, 3697
List the prime factors of 116623.
13, 8971
What are the prime factors of 7065454?
2, 11, 19, 16903
What are the prime factors of 7001897?
7, 89, 11239
List the prime factors of 7812046.
2, 11, 355093
What are the prime factors of 2264800?
2, 5, 19, 149
List the prime factors of 13088196.
2, 3, 11, 23, 479
List the prime factors of 3877212.
2, 3, 323101
List the prime factors of 1631159.
1631159
List the prime factors of 17093353.
137, 124769
What are the prime factors of 252448?
2, 7, 23
List the prime factors of 2743726.
2, 1371863
List the prime factors of 16377960.
2, 3, 5, 136483
List the prime factors of 28153457.
28153457
List the prime factors of 8564300.
2, 5, 85643
What are the prime factors of 4219248?
2, 3, 11, 61, 131
What are the prime factors of 138248?
2, 11, 1571
List the prime factors of 72626.
2, 36313
List the prime factors of 42378405.
3, 5, 2825227
List the prime factors of 4892038.
2, 41, 59659
What are the prime factors of 1301989?
13, 100153
List the prime factors of 384160.
2, 5, 7
List the prime factors of 817537.
7, 116791
List the prime factors of 26208867.
3, 139, 62851
List the prime factors of 15222769.
17, 895457
What are the prime factors of 28009?
37, 757
What are the prime factors of 6667745?
5, 7, 190507
List the prime factors of 73452.
2, 3, 6121
List the prime factors of 72052.
2, 18013
List the prime factors of 6985723.
29, 139, 1733
What are the prime factors of 24171835?
5, 107, 45181
List the prime factors of 20674145.
5, 4134829
What are the prime factors of 903489?
3, 457, 659
What are the prime factors of 7389573?
3, 59, 83, 503
List the prime factors of 10278274.
2, 5139137
What are the prime factors of 18506335?
5, 3701267
List the prime factors of 16059396.
2, 3, 461, 2903
List the prime factors of 469328.
2, 29333
List the prime factors of 3688483.
41, 89963
List the prime factors of 1106331.
3, 239, 1543
What are the prime factors of 1101359?
7, 43, 3659
List the prime factors of 150368.
2, 37, 127
What are the prime factors of 120239?
7, 89, 193
List the prime factors of 436887.
3, 11, 1471
What are the prime factors of 48626?
2, 41, 593
What are the prime factors of 25006247?
7, 3572321
What are the prime factors of 80876?
2, 20219
List the prime factors of 1479608.
2, 13, 41, 347
What are the prime factors of 2838287?
2838287
What are the prime factors of 484198?
2, 11, 13, 1693
List the prime factors of 932527.
47, 19841
List the prime factors of 593405.
5, 118681
What are the prime factors of 9138506?
2, 13, 19, 1423
What are the prime factors of 9288781?
9288781
What are the prime factors of 1915773?
3, 199, 3209
List the prime factors of 320068.
2, 7, 23, 71
List the prime factors of 479598.
2, 3, 7, 19, 601
List the prime factors of 823425.
3, 5, 10979
What are the prime factors of 3770449?
3770449
What are the prime factors of 1074790?
2, 5, 23, 4673
List the prime factors of 16164980.
2, 5, 13, 79, 787
List the prime factors of 439450.
2, 5, 11, 17, 47
What are the prime factors of 1067426?
2, 533713
List the prime factors of 161364.
2, 3, 7, 17, 113
List the prime factors of 13289.
97, 137
What are the prime factors of 642494?
2, 321247
List the prime factors of 4401043.
4401043
List the prime factors of 115261.
79, 1459
What are the prime factors of 230814?
2, 3, 12823
List the prime factors of 1637071.
23, 109, 653
List the prime factors of 14562580.
2, 5, 728129
What are the prime factors of 12211874?
2, 6105937
What are the prime factors of 93364?
2, 17, 1373
What are the prime factors of 8998157?
7, 1285451
What are the prime factors of 29595450?
2, 3, 5, 191, 1033
List the prime factors of 510128.
2, 31883
List the prime factors of 20164746.
2, 3, 7, 480113
What are the prime factors of 2564123?
2564123
What are the prime factors of 11354902?
2, 13, 436727
What are the prime factors of 17562?
2, 3, 2927
List the prime factors of 176906.
2, 197, 449
List the prime factors of 126206.
2, 63103
List the prime factors of 5518849.
7, 167, 4721
List the prime factors of 4151550.
2, 3, 5, 13, 2129
What are the prime factors of 543795?
3, 5, 7, 5179
What are the prime factors of 11842847?
11842847
What are the prime factors of 670841?
23, 29167
List the prime factors of 386207.
127, 3041
List the prime factors of 171028.
2, 11, 13, 23
What are the prime factors of 5167809?
3, 574201
List the prime factors of 14718114.
2, 3, 23, 73, 487
List the prime factors of 465990.
2, 3, 5, 7, 317
List the prime factors of 1216702.
2, 773, 787
List the prime factors of 210412.
2, 41, 1283
List the prime factors of 3460824.
2, 3, 71, 677
List the prime factors of 3520789.
3520789
List the prime factors of 1017218.
2, 229, 2221
List the prime factors of 10374306.
2, 3, 1729051
What are the prime factors of 876027?
3, 17, 89, 193
What are the prime factors of 1896748?
2, 7, 67741
What are the prime factors of 277034?
2, 138517
What are the prime factors of 26531033?
17, 83, 18803
What are the prime factors of 993392?
2, 47, 1321
What are the prime factors of 305371?
11, 17, 23, 71
What are the prime factors of 28104?
2, 3, 1171
List the prime factors of 95381.
11, 13, 23, 29
List the prime factors of 1658618.
2, 13, 63793
List the prime factors of 253300.
2, 5, 17, 149
List the prime factors of 113830.
2, 5, 11383
What are the prime factors of 908377?
908377
List the prime factors of 4391135.
5, 7, 17923
What are the prime factors of 260252?
2, 65063
List the prime factors of 69439.
69439
List the prime factors of 90435.
3, 5, 6029
List the prime factors of 11601764.
2, 2900441
What are the prime factors of 166995?
3, 5, 1237
What are the prime factors of 2262678?
2, 3, 11, 34283
What are the prime factors of 12069161?
13, 19, 131, 373
What are the prime